{"id":589,"date":"2017-08-17T09:13:21","date_gmt":"2017-08-17T09:13:21","guid":{"rendered":"https:\/\/promoaviles.net\/2024\/?page_id=589"},"modified":"2024-03-22T21:13:02","modified_gmt":"2024-03-22T21:13:02","slug":"about-me","status":"publish","type":"page","link":"https:\/\/promoaviles.net\/2024\/about-me\/","title":{"rendered":"About Me"},"content":{"rendered":"<p>\r\n<section class=\"pos-r  \"  id=\"shortcode-9d990bb371641d0b5662024b0232466a\" >\r\n\t\t<div class=\"fw-container\">\r\n\t\t<div class=\"fw-row\">\r\n\t\t\t<div id=\"shortcode-e87de1a2dc5bae68de25db04a2992078\" class=\"fw-col-xs-12 fw-col-sm-12 fw-col-md-12 text-left \" >\r\n\t<div class=\"SpecialHeading fw-heading  text-center mt-20 mb-60  \" id=\"shortcode-de43e034283c3e58f02e380c0d6be050\" >\r\n\t\t\t\t\t<h2 class=\"special-title special-heading-letter\">Manuel de Jes\u00fas Avil\u00e9s Mart\u00ednez<\/h2>\t<\/div>\r\n\r\n<div class=\"SpecialTextBlock special-text-block-color special-text-block-has-image pos-r  \" id=\"shortcode-0ce54fa5d6b07be75a6848cabca16bdd\" >\r\n\t\r\n\t\t\t<div class=\"special-text-block-image\">\t\t\r\n\t\t<div class=\"bg-image\" data-bg-image=\"\/\/promoaviles.net\/2024\/wp-content\/uploads\/2024\/03\/Retrato_Home_Manuel_Aviles_2.jpg\"><\/div>\r\n\t<\/div>\r\n\t\t\t\t\t\t<div class=\"special-text-block-content section-light font-subheading\">\r\n\t\t\t\t<p>Manuel Avil\u00e9s es Licenciado en Espa\u00f1ol y Literatura, con especializaci\u00f3n en el desarrollo del pensamiento reflexivo y la creatividad en la educaci\u00f3n. Con una trayectoria de m\u00e1s de 30 a\u00f1os en la ense\u00f1anza del Espa\u00f1ol y Literatura, catedr\u00e1tico en la universidad. Fue pionero del period\u00edsmo escrito en la regi\u00f3n en la \u00e9poca de los 70 y 80.<\/p><p>Actualmente\u00a0 es docente jubilado y se dedica a la producci\u00f3n de obras de literatura, asesorar en la escritura y publicaci\u00f3n de obras a los escritores noveles.<\/p>\t<\/div>\r\n\t\t\r\n<\/div> <!-- end SpecialTextBlock --><\/div>\r\n\t\t<\/div>\r\n\t<\/div>\r\n\t<\/section>\r\n\r\n<section class=\"pos-r  \"  id=\"shortcode-3df40795bf5c5bab14834d052c0b4dee\" >\r\n\t\t<div class=\"fw-container\">\r\n\t\t<div class=\"fw-row\">\r\n\t\t\t<div id=\"shortcode-bb5073c2e9d3ad3df6f183c53cac8203\" class=\"fw-col-xs-12 fw-col-sm-12 fw-col-md-12 text-left \" >\r\n\t<div class=\"SpecialHeading fw-heading  text-center mt-20 mb-60  \" id=\"shortcode-d0a7ccdf5bc9efea2c4e60b04e836a4a\" >\r\n\t\t\t\t\t<h2 class=\"special-title special-heading-letter\">Libros publicados<\/h2>\t<\/div>\r\n\r\n<div class=\"FeaturedBooks  \" id=\"shortcode-3f5ffa82c3cc1fa177dbb9617a333cf3\" >\r\n\t\r\n\t<div class=\"featured-books-container\">\r\n\r\n\t<div class=\"woocommerce columns-4 \"><ul class=\"products columns-4\">\r\n<li class=\"product type-product post-128 status-publish first instock product_cat-literatura has-post-thumbnail taxable shipping-taxable product-type-external\">\n\t<a href=\"https:\/\/promoaviles.net\/2024\/product\/cuentos-relatos\/\" class=\"woocommerce-LoopProduct-link\"><div class=\"loopProduct-image-wrap\"><div class=\"loopProduct-shadow\"><\/div><img loading=\"lazy\" decoding=\"async\" width=\"466\" height=\"700\" src=\"https:\/\/promoaviles.net\/2024\/wp-content\/uploads\/2017\/08\/cuentos-y-relatos3-466x700.jpg\" class=\"attachment-odrin_medium_soft size-odrin_medium_soft\" alt=\"Cuentos y relatos\" srcset=\"https:\/\/promoaviles.net\/2024\/wp-content\/uploads\/2017\/08\/cuentos-y-relatos3-466x700.jpg 466w, https:\/\/promoaviles.net\/2024\/wp-content\/uploads\/2017\/08\/cuentos-y-relatos3-200x300.jpg 200w, https:\/\/promoaviles.net\/2024\/wp-content\/uploads\/2017\/08\/cuentos-y-relatos3-266x400.jpg 266w, https:\/\/promoaviles.net\/2024\/wp-content\/uploads\/2017\/08\/cuentos-y-relatos3-e1736498469111.jpg 300w\" sizes=\"auto, (max-width: 466px) 100vw, 466px\" \/><\/div><h2 class=\"woocommerce-loop-product__title\">Cuentos y Relatos<\/h2>\n<\/a><\/li>\n<li class=\"product type-product post-787 status-publish instock product_cat-literatura has-post-thumbnail taxable shipping-taxable product-type-external\">\n\t<a href=\"https:\/\/promoaviles.net\/2024\/product\/mirando-el-pasado\/\" class=\"woocommerce-LoopProduct-link\"><div class=\"loopProduct-image-wrap\"><div class=\"loopProduct-shadow\"><\/div><img loading=\"lazy\" decoding=\"async\" width=\"300\" height=\"450\" src=\"https:\/\/promoaviles.net\/2024\/wp-content\/uploads\/2024\/02\/mirando-el-pasado-e1736412443765.jpg\" class=\"attachment-odrin_medium_soft size-odrin_medium_soft\" alt=\"mirando-el-pasado\" \/><\/div><h2 class=\"woocommerce-loop-product__title\">Mirando el Pasado<\/h2>\n<\/a><\/li>\n<li class=\"product type-product post-791 status-publish instock product_cat-ensayo has-post-thumbnail taxable shipping-taxable product-type-external\">\n\t<a href=\"https:\/\/promoaviles.net\/2024\/product\/el-poder-para-que\/\" class=\"woocommerce-LoopProduct-link\"><div class=\"loopProduct-image-wrap\"><div class=\"loopProduct-shadow\"><\/div><img loading=\"lazy\" decoding=\"async\" width=\"466\" height=\"700\" src=\"https:\/\/promoaviles.net\/2024\/wp-content\/uploads\/2024\/02\/el-poder-para-que2-466x700.jpg\" class=\"attachment-odrin_medium_soft size-odrin_medium_soft\" alt=\"El poder para qu\u00e9\" srcset=\"https:\/\/promoaviles.net\/2024\/wp-content\/uploads\/2024\/02\/el-poder-para-que2-466x700.jpg 466w, https:\/\/promoaviles.net\/2024\/wp-content\/uploads\/2024\/02\/el-poder-para-que2-200x300.jpg 200w, https:\/\/promoaviles.net\/2024\/wp-content\/uploads\/2024\/02\/el-poder-para-que2-266x400.jpg 266w, https:\/\/promoaviles.net\/2024\/wp-content\/uploads\/2024\/02\/el-poder-para-que2.jpg 682w\" sizes=\"auto, (max-width: 466px) 100vw, 466px\" \/><\/div><h2 class=\"woocommerce-loop-product__title\">El Poder para qu\u00e9<\/h2>\n<\/a><\/li>\n<li class=\"product type-product post-793 status-publish last instock product_cat-literatura has-post-thumbnail taxable shipping-taxable product-type-external\">\n\t<a href=\"https:\/\/promoaviles.net\/2024\/product\/un-suenio-hecho-realidad\/\" class=\"woocommerce-LoopProduct-link\"><div class=\"loopProduct-image-wrap\"><div class=\"loopProduct-shadow\"><\/div><img loading=\"lazy\" decoding=\"async\" width=\"466\" height=\"700\" src=\"https:\/\/promoaviles.net\/2024\/wp-content\/uploads\/2024\/02\/un-suenio-hecho-realidad2-466x700.jpg\" class=\"attachment-odrin_medium_soft size-odrin_medium_soft\" alt=\"Un sue\u00f1o hecho realidad\" srcset=\"https:\/\/promoaviles.net\/2024\/wp-content\/uploads\/2024\/02\/un-suenio-hecho-realidad2-466x700.jpg 466w, https:\/\/promoaviles.net\/2024\/wp-content\/uploads\/2024\/02\/un-suenio-hecho-realidad2-200x300.jpg 200w, https:\/\/promoaviles.net\/2024\/wp-content\/uploads\/2024\/02\/un-suenio-hecho-realidad2-266x400.jpg 266w, https:\/\/promoaviles.net\/2024\/wp-content\/uploads\/2024\/02\/un-suenio-hecho-realidad2-e1736587120860.jpg 300w\" sizes=\"auto, (max-width: 466px) 100vw, 466px\" \/><\/div><h2 class=\"woocommerce-loop-product__title\">Un Sue\u00f1o Hecho Realidad<\/h2>\n<\/a><\/li>\n<\/ul>\n<\/div>\t\t\r\n\t<\/div><!-- end featured-books-container -->\r\n\t\r\n<\/div> <!-- end FeaturedBooks --><\/div>\r\n\t\t<\/div>\r\n\t<\/div>\r\n\t<\/section>\r\n<\/p>\n","protected":false},"excerpt":{"rendered":"<p>Manuel de Jes\u00fas Avil\u00e9s Mart\u00ednez Manuel Avil\u00e9s es Licenciado en Espa\u00f1ol y Literatura, con especializaci\u00f3n en el desarrollo del pensamiento reflexivo y la creatividad en la educaci\u00f3n. Con una trayectoria de m\u00e1s de 30 a\u00f1os en la ense\u00f1anza del Espa\u00f1ol y Literatura, catedr\u00e1tico en la universidad. Fue pionero del period\u00edsmo escrito en la regi\u00f3n en&#8230;<\/p>\n","protected":false},"author":1,"featured_media":0,"parent":0,"menu_order":0,"comment_status":"closed","ping_status":"closed","template":"","meta":{"om_disable_all_campaigns":false,"_monsterinsights_skip_tracking":false,"_monsterinsights_sitenote_active":false,"_monsterinsights_sitenote_note":"","_monsterinsights_sitenote_category":0,"_uf_show_specific_survey":0,"_uf_disable_surveys":false,"footnotes":""},"class_list":["post-589","page","type-page","status-publish","hentry"],"acf":[],"aioseo_notices":[],"_links":{"self":[{"href":"https:\/\/promoaviles.net\/2024\/wp-json\/wp\/v2\/pages\/589","targetHints":{"allow":["GET"]}}],"collection":[{"href":"https:\/\/promoaviles.net\/2024\/wp-json\/wp\/v2\/pages"}],"about":[{"href":"https:\/\/promoaviles.net\/2024\/wp-json\/wp\/v2\/types\/page"}],"author":[{"embeddable":true,"href":"https:\/\/promoaviles.net\/2024\/wp-json\/wp\/v2\/users\/1"}],"replies":[{"embeddable":true,"href":"https:\/\/promoaviles.net\/2024\/wp-json\/wp\/v2\/comments?post=589"}],"version-history":[{"count":40,"href":"https:\/\/promoaviles.net\/2024\/wp-json\/wp\/v2\/pages\/589\/revisions"}],"predecessor-version":[{"id":1055,"href":"https:\/\/promoaviles.net\/2024\/wp-json\/wp\/v2\/pages\/589\/revisions\/1055"}],"wp:attachment":[{"href":"https:\/\/promoaviles.net\/2024\/wp-json\/wp\/v2\/media?parent=589"}],"curies":[{"name":"wp","href":"https:\/\/api.w.org\/{rel}","templated":true}]}}