{"id":432,"date":"2017-08-15T12:41:13","date_gmt":"2017-08-15T12:41:13","guid":{"rendered":"https:\/\/promoaviles.net\/2024\/?page_id=432"},"modified":"2025-01-15T13:42:19","modified_gmt":"2025-01-15T13:42:19","slug":"my-books","status":"publish","type":"page","link":"https:\/\/promoaviles.net\/2024\/my-books\/","title":{"rendered":"My Books"},"content":{"rendered":"<p>\r\n<section class=\"pos-r section-light is-parallax  \"  id=\"shortcode-2e980c808a3363b30353f122aaa4f2dc\" >\r\n\t\t\t<div class=\"overlay-color\"><\/div>\r\n\t\t<div class=\"fw-container\">\r\n\t\t<div class=\"fw-row\">\r\n\t\t\t<div id=\"shortcode-cd09d63454e5daebdca2b9bd8bab9118\" class=\"fw-col-xs-12 fw-col-sm-12 fw-col-md-12 text-left \" >\r\n\t<div class=\"SpecialHeading fw-heading  text-left mt-20 mb-60  \" id=\"shortcode-d54d51ec968429b77f431c7928cb19b4\" >\r\n\t\t\t\t\t<h2 class=\"special-title special-heading-letter\">Quien lee muchos libros <\/h2>\t\t<div class=\"special-subtitle\">adquiere conocimientos, y comparte aspectos de la vida de los autores<\/div>\r\n\t<\/div><\/div>\r\n\t\t<\/div>\r\n\t<\/div>\r\n\t<\/section>\r\n\r\n<section class=\"pos-r  \"  id=\"shortcode-aa842275078d9bd99f21ecdc36a2eea4\" >\r\n\t\t<div class=\"fw-container\">\r\n\t\t<div class=\"fw-row\">\r\n\t\t\t<div id=\"shortcode-0ae42a8149c985adf7ad1173672b2bae\" class=\"fw-col-xs-12 fw-col-sm-12 fw-col-md-6 text-right \" >\r\n\t\r\n<div class=\"BookImage  is-wow fadeInLeft\" id=\"shortcode-c2e33f6bd022ef401e822ef7b0955bbc\" data-wow-delay=\"0s\" >\r\n\t\t\t<div class=\"book-image-wrapper SingleProductImage\">\r\n\t\t\t<div class=\"PageFlipBook\">\r\n\t\t\t\t\t\t\t\t\t\t\t\t<a href=\"https:\/\/promoaviles.net\/2024\/product\/escribe-tu-libro-como-escribir-una-novela-cautivadora\/\" class=\"has-edge has-edge-thick\">\r\n\t\t\t\t\t<img decoding=\"async\" src=\"https:\/\/promoaviles.net\/2024\/wp-content\/uploads\/2025\/01\/WhatsApp-Image-2024-12-30-at-10.56.28-AM-481x700.jpeg\" class=\"wp-post-image\">\r\n\t\t\t\t<\/a>\r\n\t\t\t\t\t\t\t\t\t\t\t<\/div>\r\n\t\t<\/div>\r\n\t<\/div><!-- end BookImage -->\r\n<\/div>\r\n<div id=\"shortcode-2c4e0c5304aad6402af6ffc61ea0745f\" class=\"fw-col-xs-12 fw-col-sm-12 fw-col-md-6 text-left \" >\r\n\t\r\n\r\n<div class=\"spacer \" id=\"shortcode-4add823014ef5f7d509ba98c533cb335\"><\/div><div class=\"SpecialHeading fw-heading  text-right mt-20 mb-60  \" id=\"shortcode-26544a6bce3f347c73a8330eb573f203\" >\r\n\t\t\t\t\t<h4 class=\"special-title special-heading-letter\">ESCRIBE TULIBRO: C\u00f3mo escribir una novela cautivadora<\/h4>\t<\/div>\r\n\r\n<div class=\"TextBlock  \" id=\"shortcode-78280d91c33ba14b32b09749f3b1652d\" >\r\n\t<p style=\"text-align: left;\">El libro <em><strong>ESCRIBE TULIBRO: C\u00f3mo escribir una novela cautivadora<\/strong><\/em> es la gu\u00eda completa que te llevar\u00e1 paso a paso hacia la creaci\u00f3n de una novela inolvidable. Pensado tanto para quienes empiezan a escribir como para aquellos con aspiraciones profesionales, este libro aborda de forma clara y accesible los fundamentos esenciales de la narrativa. Aprender\u00e1s c\u00f3mo desarrollar personajes complejos, construir tramas absorbentes y dotar de autenticidad cada di\u00e1logo y escena.<br \/>Esta obra pedag\u00f3gica y pr\u00e1ctica tambi\u00e9n desvela los errores m\u00e1s comunes de los escritores noveles y c\u00f3mo evitarlos, garantizando que tu historia tenga el impacto que deseas. Con ejercicios, ejemplos claros y t\u00e9cnicas aplicables, ESCRIBE TULIBRO no solo te ayudar\u00e1 a ganar confianza y mejorar tu t\u00e9cnica, sino que te dar\u00e1 las herramientas necesarias para escribir una novela que tus lectores recordar\u00e1n.<br \/>Desde la inspiraci\u00f3n inicial hasta el \u00faltimo punto final, esta gu\u00eda te acompa\u00f1ar\u00e1 en el proceso creativo, proporcion\u00e1ndote el conocimiento y la motivaci\u00f3n que necesitas para escribir la novela de tus sue\u00f1os. \u00a1Haz realidad tu pasi\u00f3n por la escritura y convi\u00e9rtete en el autor de una historia cautivadora que otros\u00a0querr\u00e1n\u00a0leer!<\/p><\/div>\r\n\r\n<div class=\"spacer \" id=\"shortcode-721c40a2bc3ec5b956576c905369c926\"><\/div>\r\n\r\n\t\t\t<a href=\"https:\/\/promoaviles.net\/2024\/product\/escribe-tu-libro-como-escribir-una-novela-cautivadora\/\" class=\"shortcode-button btn btn-normal  \" id=\"shortcode-99506d65e5114750f5ebdf574d5992b1\" >\r\n\t\t\t<span>Ver Libro<\/span>\r\n\t\t<\/a>\r\n\t\t\r\n<\/div>\r\n<div id=\"shortcode-0e24415c7f4586d80f1dae73a906dfd9\" class=\"fw-col-xs-12 fw-col-sm-12 fw-col-md-6 text-right \" >\r\n\t\r\n<div class=\"BookImage  is-wow fadeInLeft\" id=\"shortcode-22d7307dd14db48218de93db90462d90\" data-wow-delay=\"0s\" >\r\n\t\t\t<div class=\"book-image-wrapper SingleProductImage\">\r\n\t\t\t<div class=\"PageFlipBook\">\r\n\t\t\t\t\t\t\t\t\t\t\t\t<a href=\"https:\/\/promoaviles.net\/2024\/product\/mirando-el-pasado\/\" class=\"has-edge has-edge-thick\">\r\n\t\t\t\t\t<img decoding=\"async\" src=\"https:\/\/promoaviles.net\/2024\/wp-content\/uploads\/2024\/02\/mirando-el-pasado-e1736412443765.jpg\" class=\"wp-post-image\">\r\n\t\t\t\t<\/a>\r\n\t\t\t\t\t\t\t\t\t\t\t<\/div>\r\n\t\t<\/div>\r\n\t<\/div><!-- end BookImage -->\r\n<\/div>\r\n<div id=\"shortcode-99f833175a1f68e01c0e70cf01c06d1b\" class=\"fw-col-xs-12 fw-col-sm-12 fw-col-md-6 text-right \" >\r\n\t\r\n\r\n<div class=\"spacer \" id=\"shortcode-e7d2f580897635587de90fa21fa98c5c\"><\/div><div class=\"SpecialHeading fw-heading  text-right mt-20 mb-60  \" id=\"shortcode-fafb7ad5e779423559030203c842e646\" >\r\n\t\t\t\t\t<h4 class=\"special-title special-heading-letter\">Mirando el pasado<\/h4>\t<\/div>\r\n\r\n<div class=\"TextBlock  \" id=\"shortcode-3b546ec1ee3f5a1b76e282281dff663c\" >\r\n\t<p style=\"text-align: right;\">El libro MIRANDO EL PASADO: Casos y Sucesos de Vidas est\u00e1 conformado por diez narraciones, en ellas se muestran las caracter\u00edsticas y los comportamientos de ciertos personajes y de algunas situaciones sociales que constituyen unos estereotipos que, aunque con algunas modificaciones, se siguen dando en la sociedad. No se trata de cuadros costumbristas bien definidos; pero s\u00ed son muestras fehacientes de hechos sociales, familiares y de personajes de la sociedad de la segunda mitad del siglo veinte<\/p><\/div>\r\n\r\n<div class=\"spacer \" id=\"shortcode-254c18fac8c111cc6de5216e27eca2f7\"><\/div>\r\n\r\n\t\t\t<a href=\"https:\/\/promoaviles.net\/2024\/product\/mirando-el-pasado\/\" class=\"shortcode-button btn btn-normal  \" id=\"shortcode-a8f014d963b399b677a07e35a61a3664\" >\r\n\t\t\t<span>Ver Libro<\/span>\r\n\t\t<\/a>\r\n\t\t\r\n<\/div>\r\n\t\t<\/div>\r\n\t<\/div>\r\n\t<\/section>\r\n\r\n<section class=\"pos-r  \"  id=\"shortcode-ef2c4e695d2777dbe6fea9c8c98b033a\" >\r\n\t\t<div class=\"fw-container\">\r\n\t\t<div class=\"fw-row\">\r\n\t\t\t<div id=\"shortcode-eebe82cbe0c88c52bb72aee2324b6632\" class=\"fw-col-xs-12 fw-col-sm-12 fw-col-md-6 text-left \" >\r\n\t\r\n<div class=\"BookImage  is-wow fadeInLeft\" id=\"shortcode-e9cae6a6f40f6465d2ab74609ae2e941\" data-wow-delay=\"0s\" >\r\n\t\t\t<div class=\"book-image-wrapper SingleProductImage\">\r\n\t\t\t<div class=\"PageFlipBook\">\r\n\t\t\t\t\t\t\t\t\t\t\t\t<a href=\"https:\/\/promoaviles.net\/2024\/product\/el-poder-para-que\/\" class=\"has-edge has-edge-thick\">\r\n\t\t\t\t\t<img decoding=\"async\" src=\"https:\/\/promoaviles.net\/2024\/wp-content\/uploads\/2024\/02\/el-poder-para-que2-466x700.jpg\" class=\"wp-post-image\">\r\n\t\t\t\t<\/a>\r\n\t\t\t\t\t\t\t\t\t\t\t<\/div>\r\n\t\t<\/div>\r\n\t<\/div><!-- end BookImage -->\r\n<\/div>\r\n<div id=\"shortcode-eb386d6c303f7d2fcb85762571cbaa53\" class=\"fw-col-xs-12 fw-col-sm-12 fw-col-md-6 text-right \" >\r\n\t\r\n\r\n<div class=\"spacer \" id=\"shortcode-e0aa98dbb98a8779d1ad3a3360d475c6\"><\/div><div class=\"SpecialHeading fw-heading  text-right mt-20 mb-60  \" id=\"shortcode-9c5f074fbb0dc5687291f59ee18c657f\" >\r\n\t\t\t\t\t<h4 class=\"special-title special-heading-letter\">El poder para qu\u00e9<\/h4>\t<\/div>\r\n\r\n<div class=\"TextBlock  \" id=\"shortcode-0a8881c9f797353980c67d9c43633b95\" >\r\n\t<p style=\"text-align: right;\">El Poder para Qu\u00e9 es un libro que analiza la forma c\u00f3mo se maneja el poder pol\u00edtico; se muestra c\u00f3mo una clase social ejerce el poder sobre toda la comunidad; de igual manera plantea reflexiones sobre las sutilezas y artima\u00f1as que emplea el poder para dominar y perpetuarse en el mismo, haciendo ver como si existiera una democracia, cuando en el fondo lo que existe es una pseudodemocracia o plutocracia; tambi\u00e9n plantea el libro que el verdadero poder est\u00e1 es en el pueblo, y es all\u00ed donde reside el poder soberano de un pa\u00eds; finalmente, El Poder para Qu\u00e9 plantea una seria de sugerencias que conducir\u00e1n a la recuperaci\u00f3n del poder por parte del pueblo.<\/p><\/div>\r\n\r\n<div class=\"spacer \" id=\"shortcode-f146f0229e35ea243bab47522c76bfa5\"><\/div>\r\n\r\n\t\t\t<a href=\"https:\/\/promoaviles.net\/2024\/product\/el-poder-para-que\/\" class=\"shortcode-button btn btn-normal  \" id=\"shortcode-13e07715a66742b83ea5d048fb648369\" >\r\n\t\t\t<span>Ver Libro<\/span>\r\n\t\t<\/a>\r\n\t\t\r\n<\/div>\r\n\t\t<\/div>\r\n\t<\/div>\r\n\t<\/section>\r\n\r\n<section class=\"pos-r  \"  id=\"shortcode-53ea210c6e383bc725372d91b13a22bd\" >\r\n\t\t<div class=\"fw-container\">\r\n\t\t<div class=\"fw-row\">\r\n\t\t\t<div id=\"shortcode-617208f959f0aea2bacb65d0bce05b06\" class=\"fw-col-xs-12 fw-col-sm-12 fw-col-md-6 text-left \" >\r\n\t\r\n\r\n<div class=\"spacer \" id=\"shortcode-07fb30b5987f4e7009ad1d4411fdc2c1\"><\/div><div class=\"SpecialHeading fw-heading  text-right mt-20 mb-60  \" id=\"shortcode-ac46b29709909de9ef82eae168606dc4\" >\r\n\t\t\t\t\t<h4 class=\"special-title special-heading-letter\">Cuentos y Relatos<\/h4>\t<\/div>\r\n\r\n<div class=\"TextBlock  \" id=\"shortcode-86db216320273b7ebcfa1af88868dc9e\" >\r\n\t<p>En el libro\u00a0<em><strong>Cuentos y Relatos. Entre la Ficci\u00f3n y la Realidad<\/strong><\/em>\u00a0vas a deleitarte con las experiencias que a continuaci\u00f3n ampl\u00edo un poco. S\u00e9 que te encantar\u00e1<\/p><\/div>\r\n\r\n<div class=\"spacer \" id=\"shortcode-2e99017bfd10a84a4dd18d5985ce5e6e\"><\/div>\r\n\r\n\t\t\t<a href=\"https:\/\/promoaviles.net\/2024\/product\/cuentos-relatos\/\" class=\"shortcode-button btn btn-normal  \" id=\"shortcode-cb0b6a0c4daa786c13ab254e6c293cc8\" >\r\n\t\t\t<span>Ver Libro<\/span>\r\n\t\t<\/a>\r\n\t\t\r\n<\/div>\r\n<div id=\"shortcode-9753de07c15c5d08c552eac02dec0b82\" class=\"fw-col-xs-12 fw-col-sm-12 fw-col-md-6 text-right \" >\r\n\t\r\n<div class=\"BookImage  is-wow fadeInLeft\" id=\"shortcode-d8444ed154e770d69e90d97d07774b62\" data-wow-delay=\"0s\" >\r\n\t\t\t<div class=\"book-image-wrapper SingleProductImage\">\r\n\t\t\t<div class=\"PageFlipBook\">\r\n\t\t\t\t\t\t\t\t\t\t\t\t<a href=\"https:\/\/promoaviles.net\/2024\/product\/cuentos-relatos\/\" class=\"has-edge has-edge-thick\">\r\n\t\t\t\t\t<img decoding=\"async\" src=\"https:\/\/promoaviles.net\/2024\/wp-content\/uploads\/2017\/08\/cuentos-y-relatos3-466x700.jpg\" class=\"wp-post-image\">\r\n\t\t\t\t<\/a>\r\n\t\t\t\t\t\t\t\t\t\t\t<\/div>\r\n\t\t<\/div>\r\n\t<\/div><!-- end BookImage -->\r\n<\/div>\r\n\t\t<\/div>\r\n\t<\/div>\r\n\t<\/section>\r\n\r\n<section class=\"pos-r  \"  id=\"shortcode-9839631e1126135ab800b0168346d516\" >\r\n\t\t<div class=\"fw-container\">\r\n\t\t<div class=\"fw-row\">\r\n\t\t\t<div id=\"shortcode-aaae566a2cf3c65435c216f2cdfd315b\" class=\"fw-col-xs-12 fw-col-sm-12 fw-col-md-6 text-left \" >\r\n\t\r\n<div class=\"BookImage  is-wow fadeInLeft\" id=\"shortcode-40097a96ad3b5ef875cd778991b982ad\" data-wow-delay=\"0s\" >\r\n\t\t\t<div class=\"book-image-wrapper SingleProductImage\">\r\n\t\t\t<div class=\"PageFlipBook\">\r\n\t\t\t\t\t\t\t\t\t\t\t\t<a href=\"https:\/\/promoaviles.net\/2024\/product\/un-suenio-hecho-realidad\/\" class=\"has-edge has-edge-thick\">\r\n\t\t\t\t\t<img decoding=\"async\" src=\"https:\/\/promoaviles.net\/2024\/wp-content\/uploads\/2024\/02\/un-suenio-hecho-realidad2-466x700.jpg\" class=\"wp-post-image\">\r\n\t\t\t\t<\/a>\r\n\t\t\t\t\t\t\t\t\t\t\t<\/div>\r\n\t\t<\/div>\r\n\t<\/div><!-- end BookImage -->\r\n<\/div>\r\n<div id=\"shortcode-2ffde124084ae5d3f5ad2268d46b767b\" class=\"fw-col-xs-12 fw-col-sm-12 fw-col-md-6 text-right \" >\r\n\t\r\n\r\n<div class=\"spacer \" id=\"shortcode-7fda88b96d5901b42af3aee5e727ce40\"><\/div><div class=\"SpecialHeading fw-heading  text-right mt-20 mb-60  \" id=\"shortcode-391f72ce6ce1d070488df787bd451c9e\" >\r\n\t\t\t\t\t<h4 class=\"special-title special-heading-letter\">Un sue\u00f1o hecho realidad<\/h4>\t<\/div>\r\n\r\n<div class=\"TextBlock  \" id=\"shortcode-b10a57ffd1be9759166941149dca77b2\" >\r\n\t<p style=\"text-align: right;\">El libro UN SUE\u00d1O HECHO REALIDAD. Frutos del Esfuerzo y la superaci\u00f3n es una novela sobre la vida de un ni\u00f1o que nace en un hogar muy pobre y con muchas limitaciones f\u00edsicas. Un narrador omnisciente cuenta la vida de un menor, desde su infancia hasta cuando llega a ser una persona adulta, con una gran formaci\u00f3n acad\u00e9mica, con una familia bien constituida y con buenos recursos econ\u00f3micos. Relata las diferentes peripecias que tiene que atravesar para alcanzar sus objetivos, los esfuerzos y todo el tes\u00f3n que pone para lograr las metas que se propone: Hacer un sue\u00f1o realidad.<\/p><\/div>\r\n\r\n<div class=\"spacer \" id=\"shortcode-ae8e14853fd40adefd4892f582be66e7\"><\/div>\r\n\r\n\t\t\t<a href=\"https:\/\/promoaviles.net\/2024\/product\/cuentos-relatos\/\" class=\"shortcode-button btn btn-normal  \" id=\"shortcode-14a9c805e3a9519164b968f9c8a8be68\" >\r\n\t\t\t<span>Ver Libro<\/span>\r\n\t\t<\/a>\r\n\t\t\r\n<\/div>\r\n\t\t<\/div>\r\n\t<\/div>\r\n\t<\/section>\r\n\r\n<section class=\"pos-r  \"  id=\"shortcode-e7a2c44b3e847e90f0fd878904746be7\" >\r\n\t\t<div class=\"fw-container\">\r\n\t\t<div class=\"fw-row\">\r\n\t\t\t<div id=\"shortcode-39512a01293fa1aa2b2ae928eff07996\" class=\"fw-col-xs-12 fw-col-sm-12 fw-col-md-6 text-left \" >\r\n\t\r\n\r\n<div class=\"spacer \" id=\"shortcode-68e9b2a62b62244a77540141afbfaada\"><\/div><div class=\"SpecialHeading fw-heading  text-right mt-20 mb-60  \" id=\"shortcode-4c493e0a94df5a1632196c91e900dd76\" >\r\n\t\t\t\t\t<h4 class=\"special-title special-heading-letter\">La senda del escritor<\/h4>\t<\/div>\r\n\r\n<div class=\"TextBlock  \" id=\"shortcode-30329839c400f6a5ccc9891b20f16cd3\" >\r\n\t<p>La Senda del Escritor: Gu\u00eda Pr\u00e1ctica para Escribir y Publicar un Libro\u2019 es una obra pensada para ser una <strong>br\u00fajula<\/strong> en el vasto y, a menudo, complicado mundo de la escritura y la publicaci\u00f3n<\/p><\/div>\r\n\r\n<div class=\"spacer \" id=\"shortcode-22a25f4b7b1f7d4699dc3a8cac31e05e\"><\/div>\r\n\r\n\t\t\t<a href=\"https:\/\/promoaviles.net\/2024\/product\/la-senda-del-escritor\/\" class=\"shortcode-button btn btn-normal  \" id=\"shortcode-a83c3773017ecdbca5804e74bb164e76\" >\r\n\t\t\t<span>Ver Libro<\/span>\r\n\t\t<\/a>\r\n\t\t\r\n<\/div>\r\n<div id=\"shortcode-6b1b96e287d48901e9a2ccf262d18425\" class=\"fw-col-xs-12 fw-col-sm-12 fw-col-md-6 text-right \" >\r\n\t\r\n<div class=\"BookImage  is-wow fadeInLeft\" id=\"shortcode-fecadec7ca5b5f07c5b1bcb0bfee7654\" data-wow-delay=\"0s\" >\r\n\t\t\t<div class=\"book-image-wrapper SingleProductImage\">\r\n\t\t\t<div class=\"PageFlipBook\">\r\n\t\t\t\t\t\t\t\t\t\t\t\t<a href=\"https:\/\/promoaviles.net\/2024\/product\/la-senda-del-escritor\/\" class=\"has-edge has-edge-thick\">\r\n\t\t\t\t\t<img decoding=\"async\" src=\"https:\/\/promoaviles.net\/2024\/wp-content\/uploads\/2024\/06\/WhatsApp-Image-2024-06-11-at-3.48.03-PM-453x700.jpeg\" class=\"wp-post-image\">\r\n\t\t\t\t<\/a>\r\n\t\t\t\t\t\t\t\t\t\t\t<\/div>\r\n\t\t<\/div>\r\n\t<\/div><!-- end BookImage -->\r\n<\/div>\r\n\t\t<\/div>\r\n\t<\/div>\r\n\t<\/section>\r\n\r\n<section class=\"pos-r  \"  id=\"shortcode-43beb77e2d230a3828279922b3c1d114\" >\r\n\t\t<div class=\"fw-container\">\r\n\t\t<div class=\"fw-row\">\r\n\t\t\t<div id=\"shortcode-a1f8db4b868bd92dbf28fb3705295140\" class=\"fw-col-xs-12 fw-col-sm-12 fw-col-md-12 text-left \" >\r\n\t\r\n\r\n<div class=\"SpecialTextBlock special-text-block-color special-text-block-has-image pos-r  is-wow fadeInUp\" id=\"shortcode-bffcfb52b5ff21f94bba1cd45c2242ad\" data-wow-delay=\"0s\">\r\n\t\r\n\t\t<div class=\"SpecialHeading fw-heading mb-40\">\r\n\t\t<h2 class=\"special-title special-heading-letter\">Manuel de Jes\u00fas Avil\u00e9s Mart\u00ednez<\/h2>\r\n\t\t\t\t<div class=\"special-subtitle\">EDUCADOR, AFICIONADO A LOS VIAJES Y ESCRITOR<\/div>\r\n\t\t\t<\/div>\r\n\t\t\t<div class=\"special-text-block-image\">\t\t\r\n\t\t<div class=\"bg-image\" data-bg-image=\"\/\/promoaviles.net\/2024\/wp-content\/uploads\/2024\/03\/IMG-20240303-WA0023-2.jpg\"><\/div>\r\n\t<\/div>\r\n\t\t\t\t\t\t<div class=\"special-text-block-content section-light font-subheading\">\r\n\t\t\t\t<p>Manuel Avil\u00e9s es Licenciado en Espa\u00f1ol y Literatura, con especializaci\u00f3n en el desarrollo del pensamiento reflexivo y la creatividad en la educaci\u00f3n. Con una trayectoria de m\u00e1s de 30 a\u00f1os en la ense\u00f1anza del Espa\u00f1ol y Literatura, catedr\u00e1tico en la universidad. Fue pionero del period\u00edsmo escrito en la regi\u00f3n en la \u00e9poca de los 70 y 80.<\/p><p>Actualmente\u00a0 es docente jubilado y se dedica a la producci\u00f3n de obras de literatura, asesorar en la escritura y publicaci\u00f3n de obras a los escritores noveles.<\/p>\t<\/div>\r\n\t\t\r\n<\/div> <!-- end SpecialTextBlock --><\/div>\r\n<div id=\"shortcode-c2befd72ce319a3ac84d24050fdd03e5\" class=\"fw-col-xs-12 fw-col-sm-8 fw-col-sm-offset-2 text-center \" >\r\n\t\r\n\r\n\t\t<a href=\"https:\/\/promoaviles.net\/2024\/about-me\/\" target=\"_self\" class=\"shortcode-button btn btn-normal  \" id=\"shortcode-c1195dae38cbeb31454760802b8d2873\" >\r\n\t\t<span>Sobre mi<\/span>\r\n\t<\/a>\r\n\r\n<\/div>\r\n\t\t<\/div>\r\n\t<\/div>\r\n\t<\/section>\r\n<\/p>\n","protected":false},"excerpt":{"rendered":"<p>Quien lee muchos libros adquiere conocimientos, y comparte aspectos de la vida de los autores ESCRIBE TULIBRO: C\u00f3mo escribir una novela cautivadora El libro ESCRIBE TULIBRO: C\u00f3mo escribir una novela cautivadora es la gu\u00eda completa que te llevar\u00e1 paso a paso hacia la creaci\u00f3n de una novela inolvidable. Pensado tanto para quienes empiezan a escribir&#8230;<\/p>\n","protected":false},"author":1,"featured_media":936,"parent":0,"menu_order":0,"comment_status":"closed","ping_status":"closed","template":"","meta":{"om_disable_all_campaigns":false,"_monsterinsights_skip_tracking":false,"_monsterinsights_sitenote_active":false,"_monsterinsights_sitenote_note":"","_monsterinsights_sitenote_category":0,"_uf_show_specific_survey":0,"_uf_disable_surveys":false,"footnotes":""},"class_list":["post-432","page","type-page","status-publish","has-post-thumbnail","hentry"],"acf":[],"aioseo_notices":[],"_links":{"self":[{"href":"https:\/\/promoaviles.net\/2024\/wp-json\/wp\/v2\/pages\/432","targetHints":{"allow":["GET"]}}],"collection":[{"href":"https:\/\/promoaviles.net\/2024\/wp-json\/wp\/v2\/pages"}],"about":[{"href":"https:\/\/promoaviles.net\/2024\/wp-json\/wp\/v2\/types\/page"}],"author":[{"embeddable":true,"href":"https:\/\/promoaviles.net\/2024\/wp-json\/wp\/v2\/users\/1"}],"replies":[{"embeddable":true,"href":"https:\/\/promoaviles.net\/2024\/wp-json\/wp\/v2\/comments?post=432"}],"version-history":[{"count":78,"href":"https:\/\/promoaviles.net\/2024\/wp-json\/wp\/v2\/pages\/432\/revisions"}],"predecessor-version":[{"id":1275,"href":"https:\/\/promoaviles.net\/2024\/wp-json\/wp\/v2\/pages\/432\/revisions\/1275"}],"wp:featuredmedia":[{"embeddable":true,"href":"https:\/\/promoaviles.net\/2024\/wp-json\/wp\/v2\/media\/936"}],"wp:attachment":[{"href":"https:\/\/promoaviles.net\/2024\/wp-json\/wp\/v2\/media?parent=432"}],"curies":[{"name":"wp","href":"https:\/\/api.w.org\/{rel}","templated":true}]}}